te the highest common factor of 195 and y.
39
Let o(w) be the second derivative of 7*w**4/4 + w**3/2 - w**2 + 19*w. Let s be o(1). What is the greatest common divisor of s and 110?
22
Let b(l) = -l**2 - 10 + 6 + 2*l**2 + 1 - 18*l. Let y be b(19). Calculate the greatest common factor of 2 and y.
2
Suppose 22*t - 3339 = 973. What is the highest common divisor of t and 49?
49
Suppose 0 = 4*q + 1 - 69. Let i(v) = -11*v**3 + v**2 + 6*v + 5. Let g = -34 - -32. Let f be i(g). Calculate the highest common factor of q and f.
17
Let f(b) = -b**3 + 2*b**2 + 5*b - 2. Let o be f(3). Suppose -o*n - 30 = -138. Let g = 330 - 87. What is the highest common divisor of g and n?
27
Let u be (-21)/12*(-19 - -1 - -2). Suppose 4*d + u = 104. Calculate the highest common factor of 19 and d.
19
Let q = 233 - 197. Let j be ((-9)/12)/(5/(-360)). Calculate the highest common divisor of q and j.
18
Let l(u) = 2*u**2 + 5*u + 3. Let z be l(-3). Let v(f) = -f**3 + 14*f - 7*f - 9 + 0*f**3 + 8*f**2. Let n be v(z). What is the greatest common factor of n and 15?
15
Let w be ((-16)/(-6))/((-10001)/(-909) + -11). Calculate the greatest common factor of w and 12.
12
Let a = -9 + 12. Suppose -3 = o - a*z, 0 = -4*o + 3*o - 2*z + 12. Suppose -120 = -0*w - o*w. What is the greatest common factor of 5 and w?
5
Let m(q) = -q**3 + 9*q**2 + 14*q + 2. Let l be m(10). Let z = l - 38. What is the greatest common divisor of 4 and z?
4
Suppose 9*l - 48 = 15. Calculate the highest common factor of 2 and l.
1
Suppose 15 = 3*h + 2*h. Let s = 60 + 12. Let p = -60 + s. What is the greatest common divisor of p and h?
3
Suppose -216 = -3*x - 3*l, 5*x = 3*l + 508 - 132. What is the highest common factor of x and 592?
74
Let p(u) = 14*u - 33. Let v be p(6). Let d = 70 - v. Suppose -2*k - 4*w + 186 = 0, w + 3 = -2*w. Calculate the highest common divisor of d and k.
19
Let o(l) = l**3 - 28*l**2 - 27*l + 104. Let r be o(29). What is the highest common divisor of r and 432?
54
Let i(k) = -k**3 + k**2 + 2*k - 77. Let o be i(0). Let q = o + 231. Calculate the greatest common divisor of 22 and q.
22
Suppose -4*w + 198 = 2*k, -2*w + k + 50 = -55. Suppose 29*n = 26*n + w. Calculate the highest common divisor of n and 85.
17
Let i(o) = -12*o**3 - o**2 - 2*o - 1. Let w be i(-1). Let f = w - 7. Suppose -f*u + 2*h + 43 = -h, -u + h + 9 = 0. What is the highest common factor of 1 and u?
1
Let c(j) = -52*j + 35*j + 5*j**2 + 5*j**2 - 4*j**2 + 7. Let a be c(6). Suppose -22 = 4*p - 6*p. Calculate the greatest common divisor of a and p.
11
Suppose 0 = 2*p - 4, 4*k + 7 = -3*p + 1. Let v be (-10)/(-4) + k - (-27)/2. Calculate the greatest common factor of v and 52.
13
Suppose 9*l + 614 = 704. What is the greatest common divisor of 12 and l?
2
Suppose -5 - 3 = -k - 4*v, 2*v - 58 = 4*k. Let y be 2 + (k/(-4) - 3). Let b(t) = 3*t + 8. Let s be b(2). What is the greatest common factor of y and s?
2
Let b = 1115 - 895. Calculate the greatest common divisor of 88 and b.
44
Suppose 15*v = 49 - 4. Calculate the greatest common factor of 4 and v.
1
Suppose -3*s + 824 = 647. Suppose -4 = -3*i + 5. Suppose -179 = -i*c - s. Calculate the greatest common factor of 10 and c.
10
Let r be 11/2 - (-4)/8. Suppose 3*g + p = 203, 10*g - 2*p - 56 = 9*g. Calculate the greatest common divisor of g and r.
6
Let b = 564 + -396. Suppose 0*p - 105 = -p. Suppose 0 = 6*k - k - p. Calculate the greatest common divisor of b and k.
21
Let o(j) = 6*j + 185. Let d be o(-25). Calculate the greatest common divisor of d and 154.
7
Let p be 7 + -3 + 0 + 1. Suppose -p*h + 25 - 5 = 0. Suppose 3*x - 9 = 0, k + x - 27 = 4*x. Calculate the greatest common divisor of h and k.
4
Suppose -3*t - 3*u + 6 = 0, u - 16 = -5*t - u. Let s(b) = b - 10. Let q be s(10). Suppose -t*k + k + 6 = q. Calculate the greatest common factor of 5 and k.
1
Suppose n = 3*r + 2*n - 515, 3*r - 521 = -4*n. Let d be 10/(-8) + 1 - 308/(-16). Calculate the highest common divisor of d and r.
19
Suppose 0 = -4*y - 94 - 6. Let q be (-10)/(y/10 + 2). What is the highest common divisor of 160 and q?
20
Suppose -q + 2 = 0, -a - 57*q + 55*q = -481. What is the greatest common divisor of 9 and a?
9
Let p = 263 + -262. Suppose 2*k + 0*k + 26 = 0. Let m = -11 - k. Calculate the greatest common divisor of p and m.
1
Suppose -5*m = -27 - 53. Let j be (m/24)/(4/186). Suppose -j = -b + 3. What is the greatest common factor of b and 17?
17
Let r(s) be the second derivative of 0 + 0*s**3 - 7*s + 1/20*s**5 + 1/6*s**4 + s**2. Let n be r(2). What is the greatest common divisor of 9 and n?
9
Let n(m) = 124*m + 4. Suppose -2*i - 5*o = -22 - 7, 0 = 5*i + o - 15. Let p be n(i). What is the greatest common divisor of 28 and p?
28
Suppose -10885 - 13590 = -55*x. Calculate the greatest common factor of x and 5.
5
Suppose 306 + 6044 = 10*g. Calculate the greatest common divisor of g and 5.
5
Let v(f) = -65*f**3 + 2*f**2 + 2*f + 1. Let a be v(-1). Let y(j) = 46 + 4*j - 8*j + 0*j. Let k be y(10). Calculate the greatest common divisor of k and a.
6
Let f = -14 + 126. Let d(t) = -t + 7. Let r be d(3). Suppose v + 66 = 5*x - 0*v, -r*x + 40 = -4*v. What is the highest common divisor of f and x?
14
Let k(g) = -g**3 - 11*g**2 + g + 6. Suppose 11 = -6*d + 5*d. Let y be k(d). Let z be 2/(-6)*(y - 1). Calculate the greatest common divisor of 10 and z.
2
Let z(h) = -5*h + 83. Let x be z(15). Calculate the highest common divisor of x and 968.
8
Suppose 0 = -4*j, g = 6*j - 2*j + 84. Calculate the greatest common divisor of 1134 and g.
42
Let r = -4 + 6. Let c be 0 + r + 1092/6. Let t = c - 129. Calculate the greatest common factor of 22 and t.
11
Suppose -34*m - 31*m + 654 = 44*m. Let c be 2 + (-2 - -1) - -8. What is the greatest common factor of c and m?
3
Suppose 51552 = 66*n + 124*n + 168*n. Suppose y - 62 = -2*g, -4*g + 2*y - 3*y = -126. What is the greatest common factor of g and n?
16
Let i = 11 + -2. Let k(o) = 86*o - 11. Let l be k(6). Suppose -5*y + t = -4*t - l, -497 = -5*y + t. Calculate the greatest common factor of i and y.
9
Let h(g) = 18*g - 321. Let w be h(18). Calculate the greatest common factor of w and 447.
3
Let a = -251 + 440. What is the greatest common factor of 21 and a?
21
Let v = -2 - -6. Let l be 14/v - (-3)/(-2). Suppose 0 = -4*x + 3*u + 8, 5*u = -3*x + 33 + l. Calculate the greatest common divisor of x and 20.
5
Suppose 6 = d + 4. Suppose -2*m = m + 4*r - 132, d*m - 88 = 4*r. Calculate the highest common divisor of 88 and m.
44
Suppose -562*o + 564*o = 66. What is the highest common factor of 99 and o?
33
Let y(k) = 2*k + 9*k**2 + 0*k - 2*k. Let h be y(-1). Calculate the highest common factor of 9 and h.
9
Let i = -4607 - -8314. Calculate the greatest common divisor of 11 and i.
11
Let j be ((-16)/(-64)*-2)/((-1)/180 + 0). Let n be (0 - (1 - 1)) + 10. What is the highest common divisor of j and n?
10
Suppose 3*c + 2*c - 90 = 0. Let g = -165 - -291. Suppose 65*a - g = 64*a. What is the greatest common factor of a and c?
18
Suppose -58*r = -66*r + 3168. Calculate the greatest common factor of r and 220.
44
Let y(c) = c**3 + 16*c**2 + 2. Suppose g = -0*g + 4. Suppose k = -g*k - 80. Let l be y(k). What is the highest common factor of 2 and l?
2
Let h(z) = -37*z + 13. Let o be h(-3). Suppose 7*k = 8*k - o. Calculate the greatest common divisor of 31 and k.
31
Suppose 0*m - 42 = -3*m. Let j = m - 11. Suppose -j*k + y + 168 + 213 = 0, -5*k + 3*y = -631. What is the highest common factor of k and 16?
16
Suppose 9*m = 5*m + 20. Suppose 25 = m*c + 5*x, c - x + 0 = -3. Let t be (c + 1)*(-273)/(-26). Calculate the greatest common divisor of 21 and t.
21
Let g be 23222/(-26) - (-4)/26. Let p = -477 - g. Calculate the highest common factor of 52 and p.
52
Suppose 6*d = 62*d - 5040. Calculate the greatest common divisor of 35 and d.
5
Let l be 32/12 + (-10)/(-3) + -3. Suppose l*g - 39 = -6. What is the greatest common divisor of 22 and g?
11
Suppose -4*q + 4*j - 12104 = 0, -2*q = -0*q - 3*j + 6048. Let o be 1/(-9) + q/(-54). Calculate the greatest common divisor of o and 7.
7
Let y = -18 - -20. Let b be (-165)/(-5) - (10 + -3). Calculate the greatest common divisor of b and y.
2
Let d(i) = i**2. Let o(n) = 2*n**2 - 23*n + 11. Let k(z) = 3*d(z) - o(z). Let c be k(11). Calculate the highest common divisor of c and 33.
